{"id":74,"date":"2024-04-24T18:55:26","date_gmt":"2024-04-24T18:55:26","guid":{"rendered":"https:\/\/fornosinti.com.br\/site\/?page_id=74"},"modified":"2024-04-25T00:41:33","modified_gmt":"2024-04-25T00:41:33","slug":"sobre","status":"publish","type":"page","link":"https:\/\/fornosinti.com.br\/site\/sobre\/","title":{"rendered":"Sobre a Empresa"},"content":{"rendered":"\t\t<div data-elementor-type=\"wp-page\" data-elementor-id=\"74\" class=\"elementor elementor-74\" data-elementor-post-type=\"page\">\n\t\t\t\t<div class=\"elementor-element elementor-element-9a81493 e-flex e-con-boxed e-con e-parent\" data-id=\"9a81493\" data-element_type=\"container\">\n\t\t\t\t\t<div class=\"e-con-inner\">\n\t\t\t\t<div class=\"elementor-element elementor-element-f52a353 elementor-widget elementor-widget-menu-anchor\" data-id=\"f52a353\" data-element_type=\"widget\" data-widget_type=\"menu-anchor.default\">\n\t\t\t\t<div class=\"elementor-widget-container\">\n\t\t\t\t\t\t\t<div class=\"elementor-menu-anchor\" id=\"historico\"><\/div>\n\t\t\t\t\t\t<\/div>\n\t\t\t\t<\/div>\n\t\t<div class=\"elementor-element elementor-element-7ea137b e-flex e-con-boxed e-con e-child\" data-id=\"7ea137b\" data-element_type=\"container\">\n\t\t\t\t\t<div class=\"e-con-inner\">\n\t\t\t\t<div class=\"elementor-element elementor-element-396ab16 elementor-widget elementor-widget-heading\" data-id=\"396ab16\" data-element_type=\"widget\" data-widget_type=\"heading.default\">\n\t\t\t\t<div class=\"elementor-widget-container\">\n\t\t\t\t\t<h2 class=\"elementor-heading-title elementor-size-default\">Hist\u00f3rico<\/h2>\t\t\t\t<\/div>\n\t\t\t\t<\/div>\n\t\t\t\t<div class=\"elementor-element elementor-element-4757d00 elementor-widget elementor-widget-text-editor\" data-id=\"4757d00\" data-element_type=\"widget\" data-widget_type=\"text-editor.default\">\n\t\t\t\t<div class=\"elementor-widget-container\">\n\t\t\t\t\t\t\t\t\t\n<p>A\u00a0<strong>Maitec \u2014 Fornos INTI<\/strong>\u00a0\u00e9 uma empresa que atua desde 1988 com tecnologia de ponta no desenvolvimento de Fornos e Equipamentos para alta temperatura usados em tratamento t\u00e9rmico e transforma\u00e7\u00e3o de materiais.<br \/>Esta localizada na cidade de S\u00e3o Carlos, munic\u00edpio que se destaca pela excel\u00eancia de seu parque empresarial, com destaque para empresas de base tecnol\u00f3gica e pela presen\u00e7a de duas Universidades de reconhecimento internacional \u2014 USP e UFSCar.<\/p>\n\n<p>Estas caracter\u00edsticas da cidade permitem a integra\u00e7\u00e3o das empresas com esses centros de ensino e pesquisa, permitindo assim, a constante atualiza\u00e7\u00e3o e o desenvolvimento de novas tecnologias.<\/p>\n\n<p>A\u00a0<strong>Maitec \u2014 Fornos INTI<\/strong>\u00a0vem se destacando no mercado nacional com a oferta de equipamentos de alta qualidade e performance, atendendo assim as necessidades espec\u00edficas de cada cliente.<\/p>\n\t\t\t\t\t\t\t\t<\/div>\n\t\t\t\t<\/div>\n\t\t\t\t\t<\/div>\n\t\t\t\t<\/div>\n\t\t\t\t<div class=\"elementor-element elementor-element-8b4b256 elementor-widget elementor-widget-menu-anchor\" data-id=\"8b4b256\" data-element_type=\"widget\" data-widget_type=\"menu-anchor.default\">\n\t\t\t\t<div class=\"elementor-widget-container\">\n\t\t\t\t\t\t\t<div class=\"elementor-menu-anchor\" id=\"posicionamento\"><\/div>\n\t\t\t\t\t\t<\/div>\n\t\t\t\t<\/div>\n\t\t<div class=\"elementor-element elementor-element-b4a1300 e-flex e-con-boxed e-con e-child\" data-id=\"b4a1300\" data-element_type=\"container\">\n\t\t\t\t\t<div class=\"e-con-inner\">\n\t\t\t\t<div class=\"elementor-element elementor-element-69583a8 elementor-widget elementor-widget-heading\" data-id=\"69583a8\" data-element_type=\"widget\" data-widget_type=\"heading.default\">\n\t\t\t\t<div class=\"elementor-widget-container\">\n\t\t\t\t\t<h2 class=\"elementor-heading-title elementor-size-default\">Posicionamento<\/h2>\t\t\t\t<\/div>\n\t\t\t\t<\/div>\n\t\t\t\t<div class=\"elementor-element elementor-element-a4fa8cf elementor-widget elementor-widget-text-editor\" data-id=\"a4fa8cf\" data-element_type=\"widget\" data-widget_type=\"text-editor.default\">\n\t\t\t\t<div class=\"elementor-widget-container\">\n\t\t\t\t\t\t\t\t\t\n<p>Equipamentos de alta qualidade e performance desenvolvidos especificadamente para atender as necessidades de cada um dos nossos clientes.<\/p>\n<p><\/p>\n<p>Qualidade, pre\u00e7o e pontualidade asseguram o bom relacionamento da\u00a0<strong>Maitec \u2014 Fornos INTI<\/strong>\u00a0 com seus clientes.<\/p>\n\t\t\t\t\t\t\t\t<\/div>\n\t\t\t\t<\/div>\n\t\t\t\t\t<\/div>\n\t\t\t\t<\/div>\n\t\t\t\t<div class=\"elementor-element elementor-element-bea4388 elementor-widget elementor-widget-menu-anchor\" data-id=\"bea4388\" data-element_type=\"widget\" data-widget_type=\"menu-anchor.default\">\n\t\t\t\t<div class=\"elementor-widget-container\">\n\t\t\t\t\t\t\t<div class=\"elementor-menu-anchor\" id=\"produto\"><\/div>\n\t\t\t\t\t\t<\/div>\n\t\t\t\t<\/div>\n\t\t<div class=\"elementor-element elementor-element-de0f269 e-flex e-con-boxed e-con e-child\" data-id=\"de0f269\" data-element_type=\"container\">\n\t\t\t\t\t<div class=\"e-con-inner\">\n\t\t\t\t<div class=\"elementor-element elementor-element-f9f5f62 elementor-widget elementor-widget-heading\" data-id=\"f9f5f62\" data-element_type=\"widget\" data-widget_type=\"heading.default\">\n\t\t\t\t<div class=\"elementor-widget-container\">\n\t\t\t\t\t<h2 class=\"elementor-heading-title elementor-size-default\">Produto<\/h2>\t\t\t\t<\/div>\n\t\t\t\t<\/div>\n\t\t\t\t<div class=\"elementor-element elementor-element-155ce46 elementor-widget elementor-widget-text-editor\" data-id=\"155ce46\" data-element_type=\"widget\" data-widget_type=\"text-editor.default\">\n\t\t\t\t<div class=\"elementor-widget-container\">\n\t\t\t\t\t\t\t\t\t\n<p>Produzimos equipamentos de alta qualidade para transforma\u00e7\u00e3o de materiais que requerem altas temperaturas no processo de transforma\u00e7\u00e3o.<\/p>\n<p><\/p>\n<p>Trabalhamos com temperaturas de 100\u00baC a 1.800\u00baC.<\/p>\n<p><\/p>\n<p>Estamos tamb\u00e9m em desenvolvimento de Fornos de at\u00e9 2.000\u00baC (grafite e molibd\u00eanio).<\/p>\n<p><\/p>\n<p>Cada equipamento \u00e9 projetado e desenvolvido de acordo com a necessidade do cliente.<\/p>\n\t\t\t\t\t\t\t\t<\/div>\n\t\t\t\t<\/div>\n\t\t\t\t\t<\/div>\n\t\t\t\t<\/div>\n\t\t\t\t<div class=\"elementor-element elementor-element-9945622 elementor-widget elementor-widget-menu-anchor\" data-id=\"9945622\" data-element_type=\"widget\" data-widget_type=\"menu-anchor.default\">\n\t\t\t\t<div class=\"elementor-widget-container\">\n\t\t\t\t\t\t\t<div class=\"elementor-menu-anchor\" id=\"garantia\"><\/div>\n\t\t\t\t\t\t<\/div>\n\t\t\t\t<\/div>\n\t\t<div class=\"elementor-element elementor-element-8edbafc e-flex e-con-boxed e-con e-child\" data-id=\"8edbafc\" data-element_type=\"container\">\n\t\t\t\t\t<div class=\"e-con-inner\">\n\t\t\t\t<div class=\"elementor-element elementor-element-f8ef5a1 elementor-widget elementor-widget-heading\" data-id=\"f8ef5a1\" data-element_type=\"widget\" data-widget_type=\"heading.default\">\n\t\t\t\t<div class=\"elementor-widget-container\">\n\t\t\t\t\t<h2 class=\"elementor-heading-title elementor-size-default\">Garantia<\/h2>\t\t\t\t<\/div>\n\t\t\t\t<\/div>\n\t\t\t\t<div class=\"elementor-element elementor-element-8ec429f elementor-widget elementor-widget-text-editor\" data-id=\"8ec429f\" data-element_type=\"widget\" data-widget_type=\"text-editor.default\">\n\t\t\t\t<div class=\"elementor-widget-container\">\n\t\t\t\t\t\t\t\t\t\n<p>Todos os equipamentos s\u00e3o produzidos com a utiliza\u00e7\u00e3o de tecnologia e desempenho assegurando aos mesmos a qualidade desejada e a seguran\u00e7a exigida pelos nossos clientes.<\/p>\n\t\t\t\t\t\t\t\t<\/div>\n\t\t\t\t<\/div>\n\t\t\t\t\t<\/div>\n\t\t\t\t<\/div>\n\t\t\t\t<div class=\"elementor-element elementor-element-d1d419f elementor-widget elementor-widget-menu-anchor\" data-id=\"d1d419f\" data-element_type=\"widget\" data-widget_type=\"menu-anchor.default\">\n\t\t\t\t<div class=\"elementor-widget-container\">\n\t\t\t\t\t\t\t<div class=\"elementor-menu-anchor\" id=\"linha\"><\/div>\n\t\t\t\t\t\t<\/div>\n\t\t\t\t<\/div>\n\t\t<div class=\"elementor-element elementor-element-47cf8cc e-flex e-con-boxed e-con e-child\" data-id=\"47cf8cc\" data-element_type=\"container\">\n\t\t\t\t\t<div class=\"e-con-inner\">\n\t\t\t\t<div class=\"elementor-element elementor-element-7163053 elementor-widget elementor-widget-heading\" data-id=\"7163053\" data-element_type=\"widget\" data-widget_type=\"heading.default\">\n\t\t\t\t<div class=\"elementor-widget-container\">\n\t\t\t\t\t<h2 class=\"elementor-heading-title elementor-size-default\">Linha de Produtos<\/h2>\t\t\t\t<\/div>\n\t\t\t\t<\/div>\n\t\t\t\t<div class=\"elementor-element elementor-element-ab76973 elementor-widget elementor-widget-text-editor\" data-id=\"ab76973\" data-element_type=\"widget\" data-widget_type=\"text-editor.default\">\n\t\t\t\t<div class=\"elementor-widget-container\">\n\t\t\t\t\t\t\t\t\t\n<p>Equipamentos e Fornos direcionados para laborat\u00f3rios de pesquisa.<\/p>\n<p><\/p>\n<p>Desenvolvemos sistemas para obten\u00e7\u00e3o de diversos produtos de alta tecnologia, equipamentos para v\u00e1rios ensaios de caracteriza\u00e7\u00e3o t\u00e9cnicas, (conforme normas tipo ASTM, ABNT), laborat\u00f3rios de ind\u00fastria cer\u00e2mica, metalurgia e qu\u00edmica.<\/p>\n\t\t\t\t\t\t\t\t<\/div>\n\t\t\t\t<\/div>\n\t\t\t\t\t<\/div>\n\t\t\t\t<\/div>\n\t\t\t\t\t<\/div>\n\t\t\t\t<\/div>\n\t\t\t\t<\/div>\n\t\t","protected":false},"excerpt":{"rendered":"<p>Hist\u00f3rico A\u00a0Maitec \u2014 Fornos INTI\u00a0\u00e9 uma empresa que atua desde 1988 com tecnologia de ponta no desenvolvimento de Fornos e Equipamentos para alta temperatura usados em tratamento t\u00e9rmico e transforma\u00e7\u00e3o de materiais.Esta localizada na cidade de S\u00e3o Carlos, munic\u00edpio que se destaca pela excel\u00eancia de seu parque empresarial, com destaque para empresas de base tecnol\u00f3gica [&hellip;]<\/p>\n","protected":false},"author":1,"featured_media":0,"parent":0,"menu_order":0,"comment_status":"closed","ping_status":"closed","template":"","meta":{"footnotes":""},"class_list":["post-74","page","type-page","status-publish","hentry"],"_links":{"self":[{"href":"https:\/\/fornosinti.com.br\/site\/wp-json\/wp\/v2\/pages\/74","targetHints":{"allow":["GET"]}}],"collection":[{"href":"https:\/\/fornosinti.com.br\/site\/wp-json\/wp\/v2\/pages"}],"about":[{"href":"https:\/\/fornosinti.com.br\/site\/wp-json\/wp\/v2\/types\/page"}],"author":[{"embeddable":true,"href":"https:\/\/fornosinti.com.br\/site\/wp-json\/wp\/v2\/users\/1"}],"replies":[{"embeddable":true,"href":"https:\/\/fornosinti.com.br\/site\/wp-json\/wp\/v2\/comments?post=74"}],"version-history":[{"count":21,"href":"https:\/\/fornosinti.com.br\/site\/wp-json\/wp\/v2\/pages\/74\/revisions"}],"predecessor-version":[{"id":171,"href":"https:\/\/fornosinti.com.br\/site\/wp-json\/wp\/v2\/pages\/74\/revisions\/171"}],"wp:attachment":[{"href":"https:\/\/fornosinti.com.br\/site\/wp-json\/wp\/v2\/media?parent=74"}],"curies":[{"name":"wp","href":"https:\/\/api.w.org\/{rel}","templated":true}]}}