{"id":196,"date":"2024-04-25T01:00:12","date_gmt":"2024-04-25T01:00:12","guid":{"rendered":"https:\/\/fornosinti.com.br\/site\/?page_id=196"},"modified":"2024-07-02T18:02:32","modified_gmt":"2024-07-02T21:02:32","slug":"home","status":"publish","type":"page","link":"https:\/\/fornosinti.com.br\/site\/","title":{"rendered":"Home"},"content":{"rendered":"\t\t<div data-elementor-type=\"wp-page\" data-elementor-id=\"196\" class=\"elementor elementor-196\" data-elementor-post-type=\"page\">\n\t\t\t\t<div class=\"elementor-element elementor-element-2b917db e-flex e-con-boxed e-con e-parent\" data-id=\"2b917db\" data-element_type=\"container\" data-settings=\"{&quot;background_background&quot;:&quot;classic&quot;}\">\n\t\t\t\t\t<div class=\"e-con-inner\">\n\t\t\t\t<div class=\"elementor-element elementor-element-12ea923 elementor-arrows-position-inside elementor-widget elementor-widget-n-carousel\" data-id=\"12ea923\" data-element_type=\"widget\" data-settings=\"{&quot;carousel_items&quot;:[{&quot;slide_title&quot;:&quot;Empresa&quot;,&quot;_id&quot;:&quot;fd656aa&quot;},{&quot;slide_title&quot;:&quot;Empresa&quot;,&quot;_id&quot;:&quot;044e486&quot;}],&quot;slides_to_show&quot;:&quot;1&quot;,&quot;slides_to_scroll&quot;:&quot;1&quot;,&quot;slides_to_show_tablet&quot;:&quot;1&quot;,&quot;slides_to_show_mobile&quot;:&quot;1&quot;,&quot;autoplay&quot;:&quot;yes&quot;,&quot;autoplay_speed&quot;:5000,&quot;pause_on_hover&quot;:&quot;yes&quot;,&quot;pause_on_interaction&quot;:&quot;yes&quot;,&quot;infinite&quot;:&quot;yes&quot;,&quot;speed&quot;:500,&quot;offset_sides&quot;:&quot;none&quot;,&quot;arrows&quot;:&quot;yes&quot;,&quot;image_spacing_custom&quot;:{&quot;unit&quot;:&quot;px&quot;,&quot;size&quot;:10,&quot;sizes&quot;:[]},&quot;image_spacing_custom_tablet&quot;:{&quot;unit&quot;:&quot;px&quot;,&quot;size&quot;:&quot;&quot;,&quot;sizes&quot;:[]},&quot;image_spacing_custom_mobile&quot;:{&quot;unit&quot;:&quot;px&quot;,&quot;size&quot;:&quot;&quot;,&quot;sizes&quot;:[]}}\" data-widget_type=\"nested-carousel.default\">\n\t\t\t\t<div class=\"elementor-widget-container\">\n\t\t\t\t\t\t\t<div class=\"e-n-carousel swiper\" role=\"region\" aria-roledescription=\"carousel\" aria-label=\"Carrossel\" dir=\"ltr\">\n\t\t\t<div class=\"swiper-wrapper\" aria-live=\"off\">\n\t\t\t\t\t\t\t\t\t\t<div class=\"swiper-slide\" data-slide=\"1\" role=\"group\" aria-roledescription=\"slide\" aria-label=\"1 de 2\">\n\t\t\t\t\t\t\t<div class=\"elementor-element elementor-element-88bd0bc e-con-full e-flex e-con e-child\" data-id=\"88bd0bc\" data-element_type=\"container\">\n\t\t<div class=\"elementor-element elementor-element-2143657 e-con-full e-flex e-con e-child\" data-id=\"2143657\" data-element_type=\"container\">\n\t\t\t\t<div class=\"elementor-element elementor-element-68d27cb elementor-widget elementor-widget-image\" data-id=\"68d27cb\" data-element_type=\"widget\" data-widget_type=\"image.default\">\n\t\t\t\t<div class=\"elementor-widget-container\">\n\t\t\t\t\t\t\t\t\t\t\t\t\t\t\t<img fetchpriority=\"high\" decoding=\"async\" width=\"1280\" height=\"500\" src=\"https:\/\/fornosinti.com.br\/site\/wp-content\/uploads\/2024\/05\/1.png\" class=\"attachment-full size-full wp-image-696\" alt=\"\" srcset=\"https:\/\/fornosinti.com.br\/site\/wp-content\/uploads\/2024\/05\/1.png 1280w, https:\/\/fornosinti.com.br\/site\/wp-content\/uploads\/2024\/05\/1-300x117.png 300w, https:\/\/fornosinti.com.br\/site\/wp-content\/uploads\/2024\/05\/1-1024x400.png 1024w, https:\/\/fornosinti.com.br\/site\/wp-content\/uploads\/2024\/05\/1-768x300.png 768w\" sizes=\"(max-width: 1280px) 100vw, 1280px\" \/>\t\t\t\t\t\t\t\t\t\t\t\t\t\t\t<\/div>\n\t\t\t\t<\/div>\n\t\t\t\t<\/div>\n\t\t\t\t<\/div>\n\t\t\t\t\t\t\t\t<\/div>\n\t\t\t\t\t\t\t\t\t\t\t<div class=\"swiper-slide\" data-slide=\"2\" role=\"group\" aria-roledescription=\"slide\" aria-label=\"2 de 2\">\n\t\t\t\t\t\t\t<div class=\"elementor-element elementor-element-fbdca0f e-con-full e-flex e-con e-child\" data-id=\"fbdca0f\" data-element_type=\"container\">\n\t\t<div class=\"elementor-element elementor-element-5d7cd04 e-con-full e-flex e-con e-child\" data-id=\"5d7cd04\" data-element_type=\"container\">\n\t\t\t\t<div class=\"elementor-element elementor-element-0210234 elementor-widget elementor-widget-image\" data-id=\"0210234\" data-element_type=\"widget\" data-widget_type=\"image.default\">\n\t\t\t\t<div class=\"elementor-widget-container\">\n\t\t\t\t\t\t\t\t\t\t\t\t\t\t\t\t<a href=\"https:\/\/fornosinti.com.br\/site\/produtos\/fornos-para-ceramica-artistica\/\">\n\t\t\t\t\t\t\t<img decoding=\"async\" width=\"1280\" height=\"500\" src=\"https:\/\/fornosinti.com.br\/site\/wp-content\/uploads\/2024\/05\/2.png\" class=\"attachment-full size-full wp-image-697\" alt=\"\" srcset=\"https:\/\/fornosinti.com.br\/site\/wp-content\/uploads\/2024\/05\/2.png 1280w, https:\/\/fornosinti.com.br\/site\/wp-content\/uploads\/2024\/05\/2-300x117.png 300w, https:\/\/fornosinti.com.br\/site\/wp-content\/uploads\/2024\/05\/2-1024x400.png 1024w, https:\/\/fornosinti.com.br\/site\/wp-content\/uploads\/2024\/05\/2-768x300.png 768w\" sizes=\"(max-width: 1280px) 100vw, 1280px\" \/>\t\t\t\t\t\t\t\t<\/a>\n\t\t\t\t\t\t\t\t\t\t\t\t\t\t\t<\/div>\n\t\t\t\t<\/div>\n\t\t\t\t<\/div>\n\t\t\t\t<\/div>\n\t\t\t\t\t\t\t\t<\/div>\n\t\t\t\t\t\t\t\t<\/div>\n\t\t<\/div>\n\t\t\t\t\t<div class=\"elementor-swiper-button elementor-swiper-button-prev\" role=\"button\" tabindex=\"0\" aria-label=\"Anterior\">\n\t\t\t\t<svg aria-hidden=\"true\" class=\"e-font-icon-svg e-fas-chevron-circle-left\" viewBox=\"0 0 512 512\" xmlns=\"http:\/\/www.w3.org\/2000\/svg\"><path d=\"M256 504C119 504 8 393 8 256S119 8 256 8s248 111 248 248-111 248-248 248zM142.1 273l135.5 135.5c9.4 9.4 24.6 9.4 33.9 0l17-17c9.4-9.4 9.4-24.6 0-33.9L226.9 256l101.6-101.6c9.4-9.4 9.4-24.6 0-33.9l-17-17c-9.4-9.4-24.6-9.4-33.9 0L142.1 239c-9.4 9.4-9.4 24.6 0 34z\"><\/path><\/svg>\t\t\t<\/div>\n\t\t\t<div class=\"elementor-swiper-button elementor-swiper-button-next\" role=\"button\" tabindex=\"0\" aria-label=\"Pr\u00f3ximo\">\n\t\t\t\t<svg aria-hidden=\"true\" class=\"e-font-icon-svg e-fas-chevron-circle-right\" viewBox=\"0 0 512 512\" xmlns=\"http:\/\/www.w3.org\/2000\/svg\"><path d=\"M256 8c137 0 248 111 248 248S393 504 256 504 8 393 8 256 119 8 256 8zm113.9 231L234.4 103.5c-9.4-9.4-24.6-9.4-33.9 0l-17 17c-9.4 9.4-9.4 24.6 0 33.9L285.1 256 183.5 357.6c-9.4 9.4-9.4 24.6 0 33.9l17 17c9.4 9.4 24.6 9.4 33.9 0L369.9 273c9.4-9.4 9.4-24.6 0-34z\"><\/path><\/svg>\t\t\t<\/div>\n\t\t\t\t\t\t<\/div>\n\t\t\t\t<\/div>\n\t\t\t\t\t<\/div>\n\t\t\t\t<\/div>\n\t\t<div class=\"elementor-element elementor-element-cc888f0 e-flex e-con-boxed e-con e-parent\" data-id=\"cc888f0\" data-element_type=\"container\">\n\t\t\t\t\t<div class=\"e-con-inner\">\n\t\t\t\t<div class=\"elementor-element elementor-element-3764ea1 elementor-widget elementor-widget-heading\" data-id=\"3764ea1\" data-element_type=\"widget\" data-widget_type=\"heading.default\">\n\t\t\t\t<div class=\"elementor-widget-container\">\n\t\t\t\t\t<h6 class=\"elementor-heading-title elementor-size-default\">Sobre<\/h6>\t\t\t\t<\/div>\n\t\t\t\t<\/div>\n\t\t\t\t<div class=\"elementor-element elementor-element-bcbcd48 elementor-widget elementor-widget-heading\" data-id=\"bcbcd48\" data-element_type=\"widget\" data-widget_type=\"heading.default\">\n\t\t\t\t<div class=\"elementor-widget-container\">\n\t\t\t\t\t<h2 class=\"elementor-heading-title elementor-size-default\">Fornos INTI<\/h2>\t\t\t\t<\/div>\n\t\t\t\t<\/div>\n\t\t\t\t<div class=\"elementor-element elementor-element-b09d387 elementor-widget elementor-widget-text-editor\" data-id=\"b09d387\" data-element_type=\"widget\" data-widget_type=\"text-editor.default\">\n\t\t\t\t<div class=\"elementor-widget-container\">\n\t\t\t\t\t\t\t\t\t<p>A\u00a0<strong>Maitec \u2014 Fornos INTI<\/strong>\u00a0\u00e9 uma empresa que atua desde 1988 com tecnologia de ponta no desenvolvimento de Fornos e Equipamentos para alta temperatura usados em tratamento t\u00e9rmico e transforma\u00e7\u00e3o de materiais.<\/p><p>Esta localizada na cidade de S\u00e3o Carlos, munic\u00edpio que se destaca pela excel\u00eancia de seu parque empresarial, com destaque para empresas de base tecnol\u00f3gica e pela presen\u00e7a de duas Universidades de reconhecimento internacional \u2014 USP e UFSCar.<\/p><p>Estas caracter\u00edsticas da cidade permitem a integra\u00e7\u00e3o das empresas com esses centros de ensino e pesquisa, permitindo assim, a constante atualiza\u00e7\u00e3o e o desenvolvimento de novas tecnologias.<\/p><p>A\u00a0<strong>Maitec \u2014 Fornos INTI<\/strong>\u00a0vem se destacando no mercado nacional com a oferta de equipamentos de alta qualidade e performance, atendendo assim as necessidades espec\u00edficas de cada cliente.<\/p>\t\t\t\t\t\t\t\t<\/div>\n\t\t\t\t<\/div>\n\t\t\t\t<div class=\"elementor-element elementor-element-d3c333b elementor-align-center elementor-widget elementor-widget-button\" data-id=\"d3c333b\" data-element_type=\"widget\" data-widget_type=\"button.default\">\n\t\t\t\t<div class=\"elementor-widget-container\">\n\t\t\t\t\t\t\t\t\t<div class=\"elementor-button-wrapper\">\n\t\t\t\t\t<a class=\"elementor-button elementor-button-link elementor-size-sm\" href=\"https:\/\/fornosinti.com.br\/site\/sobre\/\">\n\t\t\t\t\t\t<span class=\"elementor-button-content-wrapper\">\n\t\t\t\t\t\t\t\t\t<span class=\"elementor-button-text\">Saiba mais<\/span>\n\t\t\t\t\t<\/span>\n\t\t\t\t\t<\/a>\n\t\t\t\t<\/div>\n\t\t\t\t\t\t\t\t<\/div>\n\t\t\t\t<\/div>\n\t\t\t\t\t<\/div>\n\t\t\t\t<\/div>\n\t\t<div class=\"elementor-element elementor-element-009698e e-flex e-con-boxed e-con e-parent\" data-id=\"009698e\" data-element_type=\"container\" data-settings=\"{&quot;background_background&quot;:&quot;classic&quot;}\">\n\t\t\t\t\t<div class=\"e-con-inner\">\n\t\t\t\t<div class=\"elementor-element elementor-element-04971a5 elementor-widget elementor-widget-heading\" data-id=\"04971a5\" data-element_type=\"widget\" data-widget_type=\"heading.default\">\n\t\t\t\t<div class=\"elementor-widget-container\">\n\t\t\t\t\t<h2 class=\"elementor-heading-title elementor-size-default\">NOSSOS PRODUTOS<\/h2>\t\t\t\t<\/div>\n\t\t\t\t<\/div>\n\t\t\t\t<div class=\"elementor-element elementor-element-944c4dd elementor-grid-3 elementor-grid-tablet-2 elementor-grid-mobile-1 elementor-posts--thumbnail-top elementor-card-shadow-yes elementor-posts__hover-gradient elementor-widget elementor-widget-posts\" data-id=\"944c4dd\" data-element_type=\"widget\" data-settings=\"{&quot;cards_row_gap_mobile&quot;:{&quot;unit&quot;:&quot;px&quot;,&quot;size&quot;:14,&quot;sizes&quot;:[]},&quot;cards_columns&quot;:&quot;3&quot;,&quot;cards_columns_tablet&quot;:&quot;2&quot;,&quot;cards_columns_mobile&quot;:&quot;1&quot;,&quot;cards_row_gap&quot;:{&quot;unit&quot;:&quot;px&quot;,&quot;size&quot;:35,&quot;sizes&quot;:[]},&quot;cards_row_gap_tablet&quot;:{&quot;unit&quot;:&quot;px&quot;,&quot;size&quot;:&quot;&quot;,&quot;sizes&quot;:[]}}\" data-widget_type=\"posts.cards\">\n\t\t\t\t<div class=\"elementor-widget-container\">\n\t\t\t\t\t\t\t<div class=\"elementor-posts-container elementor-posts elementor-posts--skin-cards elementor-grid\" role=\"list\">\n\t\t\t\t<article class=\"elementor-post elementor-grid-item post-399 produto type-produto status-publish has-post-thumbnail hentry category-dental\" role=\"listitem\">\n\t\t\t<div class=\"elementor-post__card\">\n\t\t\t\t<a class=\"elementor-post__thumbnail__link\" href=\"https:\/\/fornosinti.com.br\/site\/produtos\/forno-para-resina-foto-power-uv\/\" tabindex=\"-1\" ><div class=\"elementor-post__thumbnail\"><img decoding=\"async\" width=\"158\" height=\"209\" src=\"https:\/\/fornosinti.com.br\/site\/wp-content\/uploads\/2023\/02\/Forno-para-Resina-Foto-Power-UV.jpg\" class=\"attachment-medium size-medium wp-image-470\" alt=\"\" \/><\/div><\/a>\n\t\t\t\t<div class=\"elementor-post__text\">\n\t\t\t\t<h3 class=\"elementor-post__title\">\n\t\t\t<a href=\"https:\/\/fornosinti.com.br\/site\/produtos\/forno-para-resina-foto-power-uv\/\" >\n\t\t\t\tForno para Resina Foto Power UV\t\t\t<\/a>\n\t\t<\/h3>\n\t\t\t\t<\/div>\n\t\t\t\t\t<\/div>\n\t\t<\/article>\n\t\t\t\t<article class=\"elementor-post elementor-grid-item post-374 produto type-produto status-publish has-post-thumbnail hentry category-forno-mufla-para-laboratorio\" role=\"listitem\">\n\t\t\t<div class=\"elementor-post__card\">\n\t\t\t\t<a class=\"elementor-post__thumbnail__link\" href=\"https:\/\/fornosinti.com.br\/site\/produtos\/forno-mufla-pechini-pch1300-para-queima-com-organicos\/\" tabindex=\"-1\" ><div class=\"elementor-post__thumbnail\"><img loading=\"lazy\" decoding=\"async\" width=\"300\" height=\"201\" src=\"https:\/\/fornosinti.com.br\/site\/wp-content\/uploads\/2021\/09\/PCH1300-300x201.jpg\" class=\"attachment-medium size-medium wp-image-440\" alt=\"\" srcset=\"https:\/\/fornosinti.com.br\/site\/wp-content\/uploads\/2021\/09\/PCH1300-300x201.jpg 300w, https:\/\/fornosinti.com.br\/site\/wp-content\/uploads\/2021\/09\/PCH1300.jpg 398w\" sizes=\"(max-width: 300px) 100vw, 300px\" \/><\/div><\/a>\n\t\t\t\t<div class=\"elementor-post__text\">\n\t\t\t\t<h3 class=\"elementor-post__title\">\n\t\t\t<a href=\"https:\/\/fornosinti.com.br\/site\/produtos\/forno-mufla-pechini-pch1300-para-queima-com-organicos\/\" >\n\t\t\t\tFORNO MUFLA PECHINI &#8211; PCH1300 PARA QUEIMA COM ORG\u00c2NICOS\t\t\t<\/a>\n\t\t<\/h3>\n\t\t\t\t<\/div>\n\t\t\t\t\t<\/div>\n\t\t<\/article>\n\t\t\t\t<article class=\"elementor-post elementor-grid-item post-101 produto type-produto status-publish has-post-thumbnail hentry category-forno-grafite\" role=\"listitem\">\n\t\t\t<div class=\"elementor-post__card\">\n\t\t\t\t<a class=\"elementor-post__thumbnail__link\" href=\"https:\/\/fornosinti.com.br\/site\/produtos\/forno-especial-grafite-fge-2000\/\" tabindex=\"-1\" ><div class=\"elementor-post__thumbnail\"><img loading=\"lazy\" decoding=\"async\" width=\"143\" height=\"208\" src=\"https:\/\/fornosinti.com.br\/site\/wp-content\/uploads\/2021\/09\/FGE-2000.jpg\" class=\"attachment-medium size-medium wp-image-420\" alt=\"\" \/><\/div><\/a>\n\t\t\t\t<div class=\"elementor-post__text\">\n\t\t\t\t<h3 class=\"elementor-post__title\">\n\t\t\t<a href=\"https:\/\/fornosinti.com.br\/site\/produtos\/forno-especial-grafite-fge-2000\/\" >\n\t\t\t\tFORNO ESPECIAL GRAFITE \u2013 FGE 2000\t\t\t<\/a>\n\t\t<\/h3>\n\t\t\t\t<\/div>\n\t\t\t\t\t<\/div>\n\t\t<\/article>\n\t\t\t\t<\/div>\n\t\t\n\t\t\t\t\t\t<\/div>\n\t\t\t\t<\/div>\n\t\t\t\t<div class=\"elementor-element elementor-element-a58cde5 elementor-align-center elementor-widget elementor-widget-button\" data-id=\"a58cde5\" data-element_type=\"widget\" data-widget_type=\"button.default\">\n\t\t\t\t<div class=\"elementor-widget-container\">\n\t\t\t\t\t\t\t\t\t<div class=\"elementor-button-wrapper\">\n\t\t\t\t\t<a class=\"elementor-button elementor-button-link elementor-size-sm\" href=\"#elementor-action%3Aaction%3Dpopup%3Aopen%26settings%3DeyJpZCI6IjU3MSIsInRvZ2dsZSI6ZmFsc2V9\">\n\t\t\t\t\t\t<span class=\"elementor-button-content-wrapper\">\n\t\t\t\t\t\t\t\t\t<span class=\"elementor-button-text\">Todos os Produtos<\/span>\n\t\t\t\t\t<\/span>\n\t\t\t\t\t<\/a>\n\t\t\t\t<\/div>\n\t\t\t\t\t\t\t\t<\/div>\n\t\t\t\t<\/div>\n\t\t\t\t\t<\/div>\n\t\t\t\t<\/div>\n\t\t<div class=\"elementor-element elementor-element-14f95f7 e-flex e-con-boxed e-con e-parent\" data-id=\"14f95f7\" data-element_type=\"container\">\n\t\t\t\t\t<div class=\"e-con-inner\">\n\t\t<div class=\"elementor-element elementor-element-6680816 e-con-full e-flex e-con e-child\" data-id=\"6680816\" data-element_type=\"container\">\n\t\t\t\t<div class=\"elementor-element elementor-element-df0e065 elementor-widget elementor-widget-heading\" data-id=\"df0e065\" data-element_type=\"widget\" data-widget_type=\"heading.default\">\n\t\t\t\t<div class=\"elementor-widget-container\">\n\t\t\t\t\t<h2 class=\"elementor-heading-title elementor-size-default\">\u00daltimas Not\u00edcias<\/h2>\t\t\t\t<\/div>\n\t\t\t\t<\/div>\n\t\t\t\t<div class=\"elementor-element elementor-element-498d24b elementor-widget elementor-widget-text-editor\" data-id=\"498d24b\" data-element_type=\"widget\" data-widget_type=\"text-editor.default\">\n\t\t\t\t<div class=\"elementor-widget-container\">\n\t\t\t\t\t\t\t\t\t<p>Acompanhe as \u00faltimas not\u00edcias de nossa empresa.<\/p>\t\t\t\t\t\t\t\t<\/div>\n\t\t\t\t<\/div>\n\t\t\t\t<div class=\"elementor-element elementor-element-f051c26 elementor-align-left elementor-widget elementor-widget-button\" data-id=\"f051c26\" data-element_type=\"widget\" data-widget_type=\"button.default\">\n\t\t\t\t<div class=\"elementor-widget-container\">\n\t\t\t\t\t\t\t\t\t<div class=\"elementor-button-wrapper\">\n\t\t\t\t\t<a class=\"elementor-button elementor-button-link elementor-size-sm\" href=\"https:\/\/fornosinti.com.br\/site\/noticias\/\">\n\t\t\t\t\t\t<span class=\"elementor-button-content-wrapper\">\n\t\t\t\t\t\t\t\t\t<span class=\"elementor-button-text\">Todas as Not\u00edcias<\/span>\n\t\t\t\t\t<\/span>\n\t\t\t\t\t<\/a>\n\t\t\t\t<\/div>\n\t\t\t\t\t\t\t\t<\/div>\n\t\t\t\t<\/div>\n\t\t\t\t<\/div>\n\t\t<div class=\"elementor-element elementor-element-04dd5e9 e-con-full e-flex e-con e-child\" data-id=\"04dd5e9\" data-element_type=\"container\">\n\t\t\t\t<div class=\"elementor-element elementor-element-cabb7ba elementor-grid-2 elementor-grid-tablet-2 elementor-grid-mobile-1 elementor-posts--thumbnail-top elementor-card-shadow-yes elementor-posts__hover-gradient elementor-widget elementor-widget-posts\" data-id=\"cabb7ba\" data-element_type=\"widget\" data-settings=\"{&quot;cards_columns&quot;:&quot;2&quot;,&quot;cards_row_gap_mobile&quot;:{&quot;unit&quot;:&quot;px&quot;,&quot;size&quot;:14,&quot;sizes&quot;:[]},&quot;cards_columns_tablet&quot;:&quot;2&quot;,&quot;cards_columns_mobile&quot;:&quot;1&quot;,&quot;cards_row_gap&quot;:{&quot;unit&quot;:&quot;px&quot;,&quot;size&quot;:35,&quot;sizes&quot;:[]},&quot;cards_row_gap_tablet&quot;:{&quot;unit&quot;:&quot;px&quot;,&quot;size&quot;:&quot;&quot;,&quot;sizes&quot;:[]}}\" data-widget_type=\"posts.cards\">\n\t\t\t\t<div class=\"elementor-widget-container\">\n\t\t\t\t\t\t\t<div class=\"elementor-posts-container elementor-posts elementor-posts--skin-cards elementor-grid\" role=\"list\">\n\t\t\t\t<article class=\"elementor-post elementor-grid-item post-287 post type-post status-publish format-standard has-post-thumbnail hentry category-noticias\" role=\"listitem\">\n\t\t\t<div class=\"elementor-post__card\">\n\t\t\t\t<a class=\"elementor-post__thumbnail__link\" href=\"https:\/\/fornosinti.com.br\/site\/ix-encontro-sobre-diamante-carbono-amorfo-nanotubos-e-materiais-relacionados\/\" tabindex=\"-1\" ><div class=\"elementor-post__thumbnail\"><img loading=\"lazy\" decoding=\"async\" width=\"170\" height=\"69\" src=\"https:\/\/fornosinti.com.br\/site\/wp-content\/uploads\/2021\/09\/nanocarbon.jpg\" class=\"attachment-medium size-medium wp-image-288\" alt=\"\" \/><\/div><\/a>\n\t\t\t\t<div class=\"elementor-post__text\">\n\t\t\t\t<h3 class=\"elementor-post__title\">\n\t\t\t<a href=\"https:\/\/fornosinti.com.br\/site\/ix-encontro-sobre-diamante-carbono-amorfo-nanotubos-e-materiais-relacionados\/\" >\n\t\t\t\tIX Encontro sobre Diamante, Carbono Amorfo, Nanotubos e Materiais Relacionados\t\t\t<\/a>\n\t\t<\/h3>\n\t\t\t\t<div class=\"elementor-post__excerpt\">\n\t\t\t<p>De 15 a 17 de Junho de 2011, em Pelotas &#8211; RS O encontro tem por objetivo discutir os \u00faltimos avan\u00e7os das pesquisas (b\u00e1sicas e aplicadas) em materiais carbonosos (grafite,<\/p>\n\t\t<\/div>\n\t\t\n\t\t<a class=\"elementor-post__read-more\" href=\"https:\/\/fornosinti.com.br\/site\/ix-encontro-sobre-diamante-carbono-amorfo-nanotubos-e-materiais-relacionados\/\" aria-label=\"Leia mais sobre IX Encontro sobre Diamante, Carbono Amorfo, Nanotubos e Materiais Relacionados\" tabindex=\"-1\" >\n\t\t\tLEIA MAIS &gt;\t\t<\/a>\n\n\t\t\t\t<\/div>\n\t\t\t\t<div class=\"elementor-post__meta-data\">\n\t\t\t\t\t<span class=\"elementor-post-date\">\n\t\t\t19\/06\/2011\t\t<\/span>\n\t\t\t\t<\/div>\n\t\t\t\t\t<\/div>\n\t\t<\/article>\n\t\t\t\t<article class=\"elementor-post elementor-grid-item post-285 post type-post status-publish format-standard has-post-thumbnail hentry category-noticias\" role=\"listitem\">\n\t\t\t<div class=\"elementor-post__card\">\n\t\t\t\t<a class=\"elementor-post__thumbnail__link\" href=\"https:\/\/fornosinti.com.br\/site\/pesquisador-da-engenharia-de-materiais-aprova-projeto-na-fapergs\/\" tabindex=\"-1\" ><div class=\"elementor-post__thumbnail\"><img loading=\"lazy\" decoding=\"async\" width=\"124\" height=\"49\" src=\"https:\/\/fornosinti.com.br\/site\/wp-content\/uploads\/2021\/09\/fapergs.jpg\" class=\"attachment-medium size-medium wp-image-286\" alt=\"\" \/><\/div><\/a>\n\t\t\t\t<div class=\"elementor-post__text\">\n\t\t\t\t<h3 class=\"elementor-post__title\">\n\t\t\t<a href=\"https:\/\/fornosinti.com.br\/site\/pesquisador-da-engenharia-de-materiais-aprova-projeto-na-fapergs\/\" >\n\t\t\t\tPesquisador da Engenharia de Materiais aprova projeto na Fapergs\t\t\t<\/a>\n\t\t<\/h3>\n\t\t\t\t<div class=\"elementor-post__excerpt\">\n\t\t\t<p>O docente do curso de Engenharia de Materiais do CDTEC da UFPel Sergio da Silva Cava aprovou projeto no Edital Pesquisador Ga\u00facho da Funda\u00e7\u00e3o de Amparo \u00e0 Pesquisa do Rio<\/p>\n\t\t<\/div>\n\t\t\n\t\t<a class=\"elementor-post__read-more\" href=\"https:\/\/fornosinti.com.br\/site\/pesquisador-da-engenharia-de-materiais-aprova-projeto-na-fapergs\/\" aria-label=\"Leia mais sobre Pesquisador da Engenharia de Materiais aprova projeto na Fapergs\" tabindex=\"-1\" >\n\t\t\tLEIA MAIS &gt;\t\t<\/a>\n\n\t\t\t\t<\/div>\n\t\t\t\t<div class=\"elementor-post__meta-data\">\n\t\t\t\t\t<span class=\"elementor-post-date\">\n\t\t\t18\/06\/2011\t\t<\/span>\n\t\t\t\t<\/div>\n\t\t\t\t\t<\/div>\n\t\t<\/article>\n\t\t\t\t<\/div>\n\t\t\n\t\t\t\t\t\t<\/div>\n\t\t\t\t<\/div>\n\t\t\t\t<\/div>\n\t\t\t\t\t<\/div>\n\t\t\t\t<\/div>\n\t\t\t\t<\/div>\n\t\t","protected":false},"excerpt":{"rendered":"<p>Sobre Fornos INTI A\u00a0Maitec \u2014 Fornos INTI\u00a0\u00e9 uma empresa que atua desde 1988 com tecnologia de ponta no desenvolvimento de Fornos e Equipamentos para alta temperatura usados em tratamento t\u00e9rmico e transforma\u00e7\u00e3o de materiais. Esta localizada na cidade de S\u00e3o Carlos, munic\u00edpio que se destaca pela excel\u00eancia de seu parque empresarial, com destaque para empresas [&hellip;]<\/p>\n","protected":false},"author":1,"featured_media":0,"parent":0,"menu_order":0,"comment_status":"closed","ping_status":"closed","template":"elementor_header_footer","meta":{"footnotes":""},"class_list":["post-196","page","type-page","status-publish","hentry"],"_links":{"self":[{"href":"https:\/\/fornosinti.com.br\/site\/wp-json\/wp\/v2\/pages\/196","targetHints":{"allow":["GET"]}}],"collection":[{"href":"https:\/\/fornosinti.com.br\/site\/wp-json\/wp\/v2\/pages"}],"about":[{"href":"https:\/\/fornosinti.com.br\/site\/wp-json\/wp\/v2\/types\/page"}],"author":[{"embeddable":true,"href":"https:\/\/fornosinti.com.br\/site\/wp-json\/wp\/v2\/users\/1"}],"replies":[{"embeddable":true,"href":"https:\/\/fornosinti.com.br\/site\/wp-json\/wp\/v2\/comments?post=196"}],"version-history":[{"count":94,"href":"https:\/\/fornosinti.com.br\/site\/wp-json\/wp\/v2\/pages\/196\/revisions"}],"predecessor-version":[{"id":720,"href":"https:\/\/fornosinti.com.br\/site\/wp-json\/wp\/v2\/pages\/196\/revisions\/720"}],"wp:attachment":[{"href":"https:\/\/fornosinti.com.br\/site\/wp-json\/wp\/v2\/media?parent=196"}],"curies":[{"name":"wp","href":"https:\/\/api.w.org\/{rel}","templated":true}]}}